= 1785*j, -c + 984 = 4*j. Calculate the remainder when c is divided by 340.
312
Calculate the remainder when 362 - (12 - 27 - -30) is divided by 42.
11
Let p be ((-1)/(-4))/(64/512). Suppose -4*k + 1216 = p*y, -1322 = -3*y - 3*k + 511. Calculate the remainder when y is divided by 22.
20
Let a = 13104 - 13060. What is the remainder when 105 is divided by a?
17
Suppose 21*y - 20*y - 27 = 0. Let z(w) = 6*w - 62. What is the remainder when z(23) is divided by y?
22
Let g(t) = 89*t**2 + 3*t + 5. Let l be g(-1). Suppose -l*j = -72*j - 1159. What is the remainder when 485 is divided by j?
58
Suppose 0 = 10*w - 483 - 3437. Suppose -k + w = 377. What is the remainder when k is divided by -1 + (-2)/((-4)/10)?
3
Let p be 2/((3/4)/(3/(-2))). Let j = -18 + 48. Calculate the remainder when p*39/18*81/(-6) is divided by j.
27
Let f be ((-2)/(-5))/(60/5550). Suppose -f*m + 78*m - 1435 = 0. What is the remainder when 97 is divided by m?
27
Calculate the remainder when (0 + -1259)/(17/(-17)) is divided by 90.
89
Let x = -110 - 9. Let q = 171 + x. What is the remainder when 202 is divided by q?
46
Suppose -t - t = -2*u + 116, 74 = u + 3*t. Let s(i) = -i**2 + 4*i - 18. Let o be s(8). Let b = o + u. What is the remainder when 30 is divided by b?
6
Let f(t) = -350*t + 393. What is the remainder when 54 is divided by f(1)?
11
Let h = 70 + -64. Suppose -h*c = -c - 3*d - 230, -2*d = 2*c - 92. Calculate the remainder when c is divided by 12.
10
Suppose 1 = 2*h - 9. Suppose -15*d + 96 = -11*d - 2*i, -d + 2 = h*i. Calculate the remainder when 131 is divided by d.
21
Suppose -1015*f = 1043*f - 2040*f - 1422. Calculate the remainder when 723 is divided by f.
12
Suppose -21*k + 15*k = -147*k + 68808. Calculate the remainder when k is divided by 20.
8
Let n(s) = -s**3 + 45*s**2 + 12*s - 176. What is the remainder when n(45) is divided by 195?
169
Suppose 5*q - 156 = q - 2*r, 53 = q + 4*r. What is the remainder when 1922 is divided by q?
35
Suppose -1949*d = -1997*d + 4224. What is the remainder when 868 is divided by d?
76
Let v(c) = 17*c + 199. Suppose 32*l - 29*l + 33 = 0. Calculate the remainder when 190 is divided by v(l).
10
Let l = -15455 - -15530. Calculate the remainder when 755 is divided by l.
5
Suppose 5*u + 4*a + 26 = 0, a = 9*u - 7*u. What is the remainder when 23 is divided by -2 - (u + -2 + -4)?
5
Let o(c) = 14722*c - 1616. Calculate the remainder when o(2) is divided by 253.
251
Calculate the remainder when 10 - 17/(-41 - -7)*234 is divided by -2 + (-2 - -45) - -2.
41
Let z be (464/56 - 10)/((-3)/28). What is the remainder when 118 - (z/10 - 57/95) is divided by 30?
27
Let o(d) = 80*d - 874. Calculate the remainder when 36 is divided by o(11).
0
Let g be (-8 - -3)/((2/(-32))/1). Let a = g + -47. What is the remainder when (-843)/(-13) + (-32)/(-208) is divided by a?
32
Let v be (-7)/(-3) - (-17)/(-51). Suppose 2*s - 56 - 4 = -v*n, 0 = -5*s + 3*n + 174. Calculate the remainder when s is divided by 10.
3
Suppose 54*c - 26386 = -113*c. Calculate the remainder when 1244 is divided by c.
138
Suppose 0 = -111*n - 173*n + 143136. Calculate the remainder when n is divided by 263.
241
Suppose f - 47 + 31 = 0. Let g be 3556/32 - 1*2/f. Let q = g - -39. Calculate the remainder when q is divided by 17.
14
Suppose 3*w = 51 - 18. Suppose 4*z + 5*g = 12, 2*z + 5*g = -1 + 7. Suppose z*m = 5*y + 34, 2*y - 34 = -m - 2*y. What is the remainder when m is divided by w?
7
Suppose 99*g - 48 = 103*g. What is the remainder when ((-436)/8)/(g/24) is divided by 10?
9
Suppose 8*n + 780 - 2292 = 0. Calculate the remainder when 523 is divided by n.
145
Suppose -13*s - 26*s + 4*s = -78505. Calculate the remainder when 4498 is divided by s.
12
Suppose 26*p = 1208 + 2094. What is the remainder when 639 is divided by p?
4
Suppose 13*r = 12*r + 54. Let n = -74 + r. Let g = 41 + n. What is the remainder when 60 is divided by g?
18
Suppose 0 = 2*p - 31*v + 30*v - 59, -4*p + 3*v + 123 = 0. What is the remainder when 211 is divided by p?
22
Suppose -2*v - 2*v = 3*r - 1517, 0 = -3*r + 21. What is the remainder when v is divided by 129?
116
Suppose -m + 161 + 170 = 4*b, b = 4. Suppose -9*y + m = 6*y. Suppose -1 = -2*r + 2*u + y, -u + 53 = 3*r. What is the remainder when r is divided by 6?
4
Let i(g) = 446*g - 9340. Calculate the remainder when i(27) is divided by 387.
380
Let s(k) = 9*k + 421. What is the remainder when 391 is divided by s(-38)?
75
Let b = -212 + 217. What is the remainder when (-1)/b - 5/(275/(-9196)) is divided by 59?
49
Let s(c) = c**2 + 2*c - 31. Suppose -2*r - 1 - 27 = 0. Let x be -1*6/(-14) - (-104)/r. Calculate the remainder when 38 is divided by s(x).
2
Let y be (-15)/(-5) + -7 - -9. Suppose -3*m + y*k + 223 = 0, -2 - 4 = 3*k. What is the remainder when m is divided by -16*(0 + 3/(-2))?
23
Suppose -2*j - 5*u + 295 = -143, -4*u = 0. Let y = j + -195. Calculate the remainder when y is divided by 4.
0
Let w be (87/4)/(60/240). Suppose 4*a + m = 267, -3*a + w + 137 = -4*m. Calculate the remainder when 131 is divided by a.
63
Suppose 1552*u = 1549*u + 2*j + 104, 0 = 5*u + j - 169. Calculate the remainder when 1764 is divided by u.
30
Suppose 3*f - 4*v - 446 = 0, 5*v + 7 = -4*f + 643. Let u = -178 + 230. Calculate the remainder when f is divided by u/20*(12 - 2 - 0).
24
Let t(f) be the second derivative of -f**5/20 + 5*f**4/3 - 11*f**3/2 - 22*f**2 - 72*f + 2. Calculate the remainder when 35 is divided by t(18).
5
Suppose -532 = 21*p + 19*p - 47*p. Suppose 0 = -4*s - 2*x - x + 60, 4*s = -5*x + 52. Calculate the remainder when p is divided by s.
4
Suppose -9*u = -g - 12*u + 36, g + u - 28 = 0. Suppose -6*p + g = -4*p. Calculate the remainder when 36 is divided by p.
0
Let w be (152/10)/((-1)/5). Let t = 115 + w. Let z = -67223 + 67299. Calculate the remainder when z is divided by t.
37
Let r(x) = -x**3 - 7*x**2 - x + 30. Let i be r(-6). Suppose 3*y + 3*a = 30, 5*y - 18*a + 19*a - 54 = i. What is the remainder when 416 is divided by y?
9
Let w be -325*(-6)/(24/4). Suppose 10*i = 455 - w. What is the remainder when 32 is divided by i?
6
Suppose -3*f + 5*f = 8, 4 = -t + f. What is the remainder when 1/(1 - 16/17) is divided by (40/14 + t)/((-8)/(-28))?
7
Suppose 9*z - 425 = 4*z. Let c = -340 - -373. Suppose 27*u + 156 = c*u. Calculate the remainder when z is divided by u.
7
What is the remainder when 810 is divided by (-240)/(-360) + 43/3?
0
Let j(y) = 2*y + 1. Suppose -12 = -4*s - 5*r - 37, 0 = -3*s + 2*r + 10. Calculate the remainder when ((-48)/16)/(3/(-4)) is divided by j(s).
0
Let j(u) = 93*u - 515. Calculate the remainder when 558 is divided by j(6).
42
Suppose 8*n + 64 = 24*n. Suppose -i + 6 = i - n*k, -2*k + 8 = 0. Suppose 2*d = -j + 6*j - 102, 2*j - 4*d = 44. What is the remainder when j is divided by i?
9
Let y(l) = 19*l**2 - 5*l - 9. Let f(s) = -s**2 - 1. Let c(a) = -6*f(a) + y(a). Calculate the remainder when 46 is divided by c(-1).
19
Suppose -4*d + 411 = -3*j, 2*j - 3 = 5*j. Calculate the remainder when 321 is divided by d.
15
Let d(c) = c**3 - 34*c**2 + 35*c + 94. Suppose -2*z + 198 = 4*z. What is the remainder when d(z) is divided by 42?
34
Let x(s) = 16*s**2. Suppose 16064 = 11*m + 15382. Calculate the remainder when m is divided by x(-1).
14
Let x(h) be the first derivative of -h**4/4 + 11*h**3/3 + 14*h**2 + 32*h + 76. Calculate the remainder when x(13) is divided by 22.
14
Let a(o) = o**2 - 113. Calculate the remainder when 106 is divided by a(-13).
50
Suppose 0 = -1018*j + 1006*j + 444. What is the remainder when 580 is divided by j?
25
Calculate the remainder when 14/(392/10850) - 1/(-2) is divided by 181.
26
Let x(o) = 224*o + 1435. Calculate the remainder when 905 is divided by x(-6).
86
Suppose -2*l + 14 = 3*c - 18, 64 = 4*l + c. Let w(o) = 4*o**2 + 15*o + 13. Calculate the remainder when w(-7) is divided by l.
8
Let t(p) = -169 - 4*p**2 + 24*p - 163 + 332. What is the remainder when 102 is divided by t(4)?
6
Let p(u) = u**2 - 10*u + 42. What is the remainder when p(-8) is divided by (6*51/63)/((-4)/(-14))?
16
Suppose u = -0*v - v + 106, -v = -5. Let y = -548 + 584. Calculate the remainder when u is divided by y.
29
Let f(j) = -3*j**2 + 59*j + 192. What is the remainder when 71 is divided by f(22)?
33
Let h = 4152 + 2413. What is the remainder when h is div